*o + x + 54. Calculate the highest common divisor of 65 and o.
5
Suppose w = -5*j - 0*w + 84, -5*w - 73 = -4*j. Calculate the greatest common divisor of j and 17.
17
Let j(d) = -2*d + 60. Let c be j(-7). Suppose 5*n + 44 - c = 0. Calculate the highest common factor of 12 and n.
6
Let g(q) = -q**2 + 2*q - 1. Let h be g(1). Suppose 2*b + h*b + 10 = 3*t, -2*t = -5*b - 14. Let v = 34 - 33. Calculate the highest common factor of v and t.
1
Suppose -156 = -2*o - 3*d, -124 = -3*o + d + 132. Let c(g) = 2*g. Let t be c(6). Let z be t + (-3 + 4 - 1). What is the highest common divisor of o and z?
12
Suppose -3*j - 207 = -3*c, -34*j - 285 = -4*c - 33*j. Calculate the greatest common divisor of 27 and c.
9
Suppose -4*f + 5 = -11. Suppose -80 = -6*b - f*b. What is the greatest common divisor of b and 16?
8
Let i(q) = -5*q + 1. Let y be i(1). Let w(f) = -3*f - 5. Let a be w(y). Calculate the greatest common divisor of a and 7.
7
Let s be 2 - 1/(-2)*(-4 - -4). Suppose 0*z - 17 = -z + s*f, 0 = 4*z - 3*f - 83. What is the greatest common divisor of z and 161?
23
Let b = 16 - 62. Let v = -21 - b. Calculate the greatest common factor of 10 and v.
5
Suppose 0 = 4*a + 5*p - 1226, 9*a - 614 = 7*a - 3*p. Calculate the highest common divisor of 19 and a.
19
Let v(a) = -a**3 + 4*a**2 - 4*a + 3. Let g be v(3). Let w(b) = 10*b + 4 - 1 - 4 + g*b. Let h be w(1). Calculate the greatest common divisor of 1 and h.
1
Let k = 30 + -30. Suppose 3*a + 4*a = k. Suppose -r + a*r - 5*f + 105 = 0, -2*f = 3*r - 302. What is the highest common divisor of 25 and r?
25
Let g be ((-30)/8)/((57/40)/(-57)). Calculate the highest common divisor of 975 and g.
75
Let p(v) = -v**3 + 9*v**2 + 16*v - 42. Let h be p(10). What is the highest common divisor of 522 and h?
18
Let r(o) = -2*o + 4. Let i be r(-4). Suppose w = -9 + 33. Suppose -2*z = -0*x - 2*x - 12, -4*z + w = 4*x. What is the greatest common factor of i and z?
6
Let s be (486/36)/((-3 + 4)/2). What is the greatest common divisor of s and 3429?
27
Suppose 3*h + 5*h - 3616 = 0. Suppose 2*b = -172 + h. Calculate the highest common factor of b and 20.
20
Let v be (-2)/(-36) + (-85595)/(-1530). What is the greatest common factor of 304 and v?
8
Let s(t) = 103*t**3 - 5*t**2 + 7*t. Let c be s(1). Calculate the highest common factor of c and 75.
15
Let o be 102/(-15)*-5 - 8. What is the highest common divisor of o and 650?
26
Suppose 0 = -t + 4*p + 22, t - 2*t + 12 = p. Let x be 1020/21 - 8/t. Let i be 26/3 + x/36. Calculate the highest common divisor of 50 and i.
10
Suppose -3*p = -32 + 5. Let y = p + -7. Suppose 7 = -y*u + 71. Calculate the highest common factor of 4 and u.
4
Let g be 12/42 + (-878)/(-14). Let h(t) = -t**2 + 26*t - 27. Let x be h(23). Calculate the highest common divisor of x and g.
21
Suppose h + m = 211, -98 - 741 = -4*h + m. What is the greatest common factor of 30 and h?
30
Suppose 8570*j - 48 = 8564*j. Let y = 49 + -29. What is the greatest common factor of y and j?
4
Suppose 160 = 2*n + z + 10, -3*z = -3*n + 234. What is the greatest common divisor of 532 and n?
76
Suppose t = -5*b + 221, -4*b - 8 = -2*b. Let f = 457 - t. Suppose 3*a = -0*a + f. What is the greatest common divisor of a and 18?
18
Let h = -545 - -599. Calculate the highest common divisor of 1458 and h.
54
Let m be 100 - 1/((-4)/(-8)). Suppose -m*a + 935 = -93*a. Calculate the highest common factor of a and 17.
17
Let b(p) = -3*p**2 + 35*p - 15. Let r be b(11). Calculate the greatest common divisor of 49 and r.
7
Let u = -1257 - -1283. What is the greatest common factor of 286 and u?
26
Let y = -54 + 84. Suppose -780 = -132*v + 119*v. Calculate the greatest common divisor of v and y.
30
Suppose -48*y + 1900 = -29*y. Calculate the highest common divisor of 150 and y.
50
Let s(w) = 0 + w + 15*w**2 - 15*w**2 + 1 - 60*w**3. Let p be s(-1). Let r be (-12)/(-1)*(-1 - -2). What is the highest common factor of r and p?
12
Suppose -2*o + 2*z + 20 = 0, 6*o - 5*o - 6 = -3*z. What is the greatest common factor of 81 and o?
9
Let t be 4/6 - 56/(-42). Suppose -t*o = 2*d - 128, 5*o - 231 - 105 = -d. Let l = o - 18. Calculate the highest common divisor of l and 10.
10
Let z = 15 - 23. Let s be 1 - 63/(-3)*2. Let r = z + s. What is the greatest common divisor of 7 and r?
7
Let q = 530 - 482. Calculate the highest common divisor of 80 and q.
16
Let c = -2383 - -2426. What is the greatest common divisor of c and 1505?
43
Let c = -19 + 41. Suppose 0*v - 9306 = -47*v. Calculate the highest common divisor of v and c.
22
Let q(c) = -c**3 - 2*c**2 + 7*c + 6. Let p be q(-4). Suppose -4 = -3*z + 14. Let a(m) = 7*m + 8. Let v be a(z). Calculate the highest common divisor of v and p.
10
Let w be 60*(7 + 115/10). What is the greatest common divisor of w and 30?
30
Suppose -210 = 3*x - 6*x. Let a(s) = 2*s + 3. Let g be a(16). What is the greatest common divisor of g and x?
35
Suppose -3*j = 4*z - 58, 4*z - 86 = 4*j - 9*j. What is the greatest common factor of 21 and j?
7
Let w(f) = 3*f**2 + 3*f - 1. Let o be w(1). Suppose 2*k = 3*k. Suppose k = h - 13 - 22. What is the greatest common divisor of o and h?
5
Let x(l) be the second derivative of l**4/6 - 2*l**3/3 - 7*l**2 + 10*l. Let s be x(-3). What is the highest common divisor of 112 and s?
16
Let c(o) = -o - 46. Let m be c(24). Let b = 80 + m. Calculate the highest common factor of 50 and b.
10
Suppose -3*o = 9*o - 168. Suppose -t + 488 = 3*j + 2*j, 5*t - 88 = -j. What is the highest common factor of j and o?
14
Let v = -16 + 12. Let l be v/7 + (-516)/(-21). What is the highest common divisor of l and 36?
12
Suppose 4*j - 7304 = -3*z, 3*z = 215*j - 218*j + 5478. Calculate the highest common factor of 22 and j.
22
Let x(r) = -5*r - 10. Let c be x(5). Let q be ((-6)/6)/(1/c). Calculate the highest common divisor of 35 and q.
35
Let z be (-24)/48*(-1 + 51/(-1)). Suppose 0*c = 4*c - 156. Calculate the highest common factor of c and z.
13
Let h(k) = 54*k + 54. Let t be h(5). Calculate the highest common factor of t and 132.
12
Let h = -79 - -135. Suppose 5*v - 6 = 34. Calculate the highest common divisor of v and h.
8
Suppose -8*p - 1800 = -18*p. What is the greatest common divisor of 18 and p?
18
Let s(u) = -u**2 - 5*u. Let j be s(-4). Let h be 12/24 - (-194)/j. What is the highest common divisor of 7 and h?
7
Suppose 5*j + 4*g - 528 = 572, 0 = 3*g - 15. Let c(q) = q - 3. Let b be c(6). Let l = 30 - b. What is the highest common factor of l and j?
27
Let q(z) = 11*z - 188. Let f be q(24). Calculate the highest common factor of f and 133.
19
Let h = -2 + 11. Let m(p) = 4*p**2 - 10*p + 18. Let r be m(h). What is the greatest common divisor of 28 and r?
28
Let k(m) = m**3 - 6*m**2 - 7*m + 5. Let i = 2 + 5. Let y be k(i). Suppose -y*x + 12 = -x + c, 5*x - 24 = c. What is the greatest common factor of x and 36?
4
Suppose 0 = -10*z + 599 + 511. Calculate the highest common divisor of 74 and z.
37
Let p be (0 - -513)*(-203)/(-609). Suppose 0 = 2*h + h - 57. What is the highest common divisor of h and p?
19
Suppose -3*r - 2*b = -3*b - 149, 0 = -3*r - 2*b + 134. Suppose 2*z + 4*u = -z + 141, -z - u = -r. Calculate the highest common divisor of 17 and z.
17
Let k(n) = -n**3 - 6*n**2 - 3*n + 3. Let y be k(-6). Suppose -42 = -f + 4*l, -47*f - 5*l - 42 = -48*f. What is the greatest common divisor of f and y?
21
Suppose 3*b - 2 = 16. Let h be (10 - (6 + 1)) + 3. What is the greatest common divisor of h and b?
6
Suppose -4*p - 3*y - y = -52, -2*y = 5*p - 71. Suppose 3*r - 57 = 3*w, 2*w - 23 = -r + 5. Let q = r + -12. Calculate the highest common factor of p and q.
5
Suppose -v - 20 = -3*q, -5*q + 10 = -4*v - 14. Let d be (-1)/(3/(-15)) + (5 - q). Calculate the greatest common factor of 16 and d.
2
Let d = 1667 - 276. What is the highest common factor of 13 and d?
13
Suppose 3*s + 15 = 0, 3*s - 52 = -2*r + 17. What is the greatest common divisor of r and 714?
42
Let s be 1 - 1*87*-2. Suppose -25*y = -405 - 220. Calculate the greatest common factor of s and y.
25
Let q be (-18)/(-4)*11242/657. Calculate the highest common factor of 112 and q.
7
Let i be 3*1/3 - -13. Suppose -i - 94 = -c. What is the greatest common divisor of 12 and c?
12
Suppose -5*u + 22 = w, -2*w + 96 = -0*w - 3*u. Let v(d) = -3*d - 21. Let o be v(-9). Calculate the greatest co